{"id":349,"date":"2022-03-12T07:03:31","date_gmt":"2022-03-12T07:03:31","guid":{"rendered":"https:\/\/demo.creativethemes.com\/stagingfive\/?page_id=349"},"modified":"2025-11-10T21:51:25","modified_gmt":"2025-11-10T21:51:25","slug":"contact-2","status":"publish","type":"page","link":"https:\/\/residencialencinosolo.com\/?page_id=349","title":{"rendered":"aviso de privacidad"},"content":{"rendered":"\n<div class=\"wp-block-cover alignfull\" style=\"min-height:688px;aspect-ratio:unset;\"><img loading=\"lazy\" decoding=\"async\" width=\"1280\" height=\"853\" class=\"wp-block-cover__image-background wp-image-1539\" alt=\"\" src=\"https:\/\/residencialencinosolo.com\/wp-content\/uploads\/2024\/02\/valle.webp\" data-object-fit=\"cover\" srcset=\"https:\/\/residencialencinosolo.com\/wp-content\/uploads\/2024\/02\/valle.webp 1280w, https:\/\/residencialencinosolo.com\/wp-content\/uploads\/2024\/02\/valle-300x200.webp 300w, https:\/\/residencialencinosolo.com\/wp-content\/uploads\/2024\/02\/valle-1024x682.webp 1024w, https:\/\/residencialencinosolo.com\/wp-content\/uploads\/2024\/02\/valle-768x512.webp 768w\" sizes=\"auto, (max-width: 1280px) 100vw, 1280px\" \/><span aria-hidden=\"true\" class=\"wp-block-cover__background has-background-dim\"><\/span><div class=\"wp-block-cover__inner-container is-layout-constrained wp-block-cover-is-layout-constrained\">\n<p class=\"has-text-align-center\" style=\"font-size:61px\"><strong>Aviso de Privacidad<\/strong><\/p>\n<\/div><\/div>\n\n\n\n<div class=\"wp-block-stackable-spacer stk-block-spacer stk--no-padding stk-block stk-6090630\" data-block-id=\"6090630\"><style>.stk-6090630{height:60px !important}@media screen and (max-width:1023px){.stk-6090630{height:90px !important}}<\/style><\/div>\n\n\n\n<div class=\"wp-block-stackable-heading stk-block-heading stk-block-heading--v2 stk-block stk-7900d17\" id=\"en-vive-la-baja-valoramos-y-protegemos-tu-privacidad-a-continuacion-te-presentamos-nuestro-aviso-de-privacidad-para-informarte-como-recopilamos-usamos-y-protegemos-tus-datos-personales\" data-block-id=\"7900d17\"><style>.stk-7900d17{margin-bottom:42px !important}.stk-7900d17 .stk-block-heading__text{color:#607955 !important;font-family:-apple-system,BlinkMacSystemFont,\"Segoe UI\",Roboto,Helvetica,Arial,sans-serif,\"Apple Color Emoji\",\"Segoe UI Emoji\",\"Segoe UI Symbol\" !important}<\/style><h2 class=\"stk-block-heading__text has-text-color has-text-align-center\">En Vive La Baja, valoramos y protegemos tu privacidad. A continuaci\u00f3n, te presentamos nuestro Aviso de Privacidad para informarte c\u00f3mo recopilamos, usamos y protegemos tus datos personales.<\/h2><\/div>\n\n\n\n<div class=\"wp-block-stackable-columns aligncenter stk-block-columns stk-block stk-9dedec1\" data-block-id=\"9dedec1\"><style>.stk-9dedec1{border-top-left-radius:0px !important;border-top-right-radius:0px !important;border-bottom-right-radius:0px !important;border-bottom-left-radius:0px !important;overflow:hidden !important;margin-bottom:0px !important}.stk-9dedec1 > .stk-separator__top svg{fill:#607955 !important}.stk-9dedec1-column{--stk-column-gap:50px !important;row-gap:50px !important}<\/style><div class=\"stk-row stk-inner-blocks stk-block-content stk-content-align stk-9dedec1-column\">\n<div class=\"wp-block-stackable-column stk-block-column stk-column stk-block stk-e8ec9fc stk-block-background\" data-v=\"4\" data-block-id=\"e8ec9fc\"><style>.stk-e8ec9fc-container{margin-top:0px !important;margin-right:0px !important;margin-bottom:0px !important;margin-left:0px !important}.stk-e8ec9fc{background-color:#fffefe !important;background-position:top center !important;background-repeat:no-repeat !important;background-size:cover !important}.stk-e8ec9fc:before{background-color:#fffefe !important}@media screen and (min-width:768px) and (max-width:1023px){.stk-e8ec9fc{flex:var(--stk-flex-grow,1) 1 calc(100% - var(--stk-column-gap,0px) * 0 \/ 1 ) !important}}<\/style><div class=\"stk-column-wrapper stk-block-column__content stk-container stk-e8ec9fc-container stk--no-background stk--no-padding\"><div class=\"has-text-align-center stk-block-content stk-inner-blocks stk-e8ec9fc-inner-blocks\"><\/div><\/div><\/div>\n\n\n\n<div class=\"wp-block-stackable-column stk-block-column stk-column stk-block stk-20a795f\" data-v=\"4\" data-block-id=\"20a795f\"><style>.stk-20a795f-container{margin-top:0px !important;margin-right:0px !important;margin-bottom:0px !important;margin-left:0px !important}.stk-20a795f{align-self:center !important}@media screen and (min-width:768px) and (max-width:1023px){.stk-20a795f{flex:var(--stk-flex-grow,1) 1 calc(100% - var(--stk-column-gap,0px) * 0 \/ 1 ) !important}}<\/style><div class=\"stk-column-wrapper stk-block-column__content stk-container stk-20a795f-container stk--no-background stk--no-padding\"><div class=\"stk-block-content stk-inner-blocks stk-20a795f-inner-blocks\">\n<div class=\"wp-block-stackable-heading stk-block-heading stk-block-heading--v2 stk-block stk-406e1c3\" id=\"comunicate\" data-block-id=\"406e1c3\"><style>.stk-406e1c3{margin-bottom:15px !important}.stk-406e1c3 .stk-block-heading__text{text-shadow:none !important;color:#607955 !important;line-height:1.5em !important;font-family:-apple-system,BlinkMacSystemFont,\"Segoe UI\",Roboto,Helvetica,Arial,sans-serif,\"Apple Color Emoji\",\"Segoe UI Emoji\",\"Segoe UI Symbol\" !important}<\/style><h4 class=\"stk-block-heading__text has-text-color has-text-align-center stk-block-heading--use-theme-margins\">Comun\u00edcate<\/h4><\/div>\n\n\n\n<div class=\"wp-block-stackable-text stk-block-text stk-block stk-2ffc818\" data-block-id=\"2ffc818\"><style>.stk-2ffc818 .stk-block-text__text{color:var(--theme-palette-color-3,#4f4f4f) !important}<\/style><p class=\"stk-block-text__text has-text-color\">\u00a1Cont\u00e1ctanos hoy mismo para m\u00e1s detalles y comienza el viaje hacia la realizaci\u00f3n de tus sue\u00f1os!<\/p><\/div>\n\n\n<\/div><\/div><\/div>\n<\/div><\/div>\n\n\n\n<div class=\"wp-block-stackable-spacer stk-block-spacer stk--no-padding stk-block stk-746b086\" data-block-id=\"746b086\"><style>.stk-746b086{height:130px !important}@media screen and (max-width:1023px){.stk-746b086{height:90px !important}}<\/style><\/div>\n","protected":false},"excerpt":{"rendered":"<p>En Vive La Baja, valoramos y protegemos tu privacidad. A continuaci\u00f3n, te presentamos nuestro Aviso de Privacidad para informarte c\u00f3mo recopilamos, usamos y protegemos tus datos personales. Comun\u00edcate \u00a1Cont\u00e1ctanos hoy mismo para m\u00e1s detalles y comienza el viaje hacia la realizaci\u00f3n de tus sue\u00f1os!<\/p>\n","protected":false},"author":1,"featured_media":0,"parent":0,"menu_order":0,"comment_status":"closed","ping_status":"closed","template":"","meta":{"_kad_blocks_custom_css":"","_kad_blocks_head_custom_js":"","_kad_blocks_body_custom_js":"","_kad_blocks_footer_custom_js":"","_monsterinsights_skip_tracking":false,"_monsterinsights_sitenote_active":false,"_monsterinsights_sitenote_note":"","_monsterinsights_sitenote_category":0,"_kadence_starter_templates_imported_post":false,"_kad_post_transparent":"","_kad_post_title":"","_kad_post_layout":"","_kad_post_sidebar_id":"","_kad_post_content_style":"","_kad_post_vertical_padding":"","_kad_post_feature":"","_kad_post_feature_position":"","_kad_post_header":false,"_kad_post_footer":false,"_kad_post_classname":"","footnotes":""},"class_list":["post-349","page","type-page","status-publish","hentry"],"taxonomy_info":[],"featured_image_src_large":false,"author_info":{"display_name":"admin","author_link":"https:\/\/residencialencinosolo.com\/?author=1"},"comment_info":0,"_links":{"self":[{"href":"https:\/\/residencialencinosolo.com\/index.php?rest_route=\/wp\/v2\/pages\/349","targetHints":{"allow":["GET"]}}],"collection":[{"href":"https:\/\/residencialencinosolo.com\/index.php?rest_route=\/wp\/v2\/pages"}],"about":[{"href":"https:\/\/residencialencinosolo.com\/index.php?rest_route=\/wp\/v2\/types\/page"}],"author":[{"embeddable":true,"href":"https:\/\/residencialencinosolo.com\/index.php?rest_route=\/wp\/v2\/users\/1"}],"replies":[{"embeddable":true,"href":"https:\/\/residencialencinosolo.com\/index.php?rest_route=%2Fwp%2Fv2%2Fcomments&post=349"}],"version-history":[{"count":66,"href":"https:\/\/residencialencinosolo.com\/index.php?rest_route=\/wp\/v2\/pages\/349\/revisions"}],"predecessor-version":[{"id":1848,"href":"https:\/\/residencialencinosolo.com\/index.php?rest_route=\/wp\/v2\/pages\/349\/revisions\/1848"}],"wp:attachment":[{"href":"https:\/\/residencialencinosolo.com\/index.php?rest_route=%2Fwp%2Fv2%2Fmedia&parent=349"}],"curies":[{"name":"wp","href":"https:\/\/api.w.org\/{rel}","templated":true}]}}